{"id":549,"date":"2024-11-25T04:59:02","date_gmt":"2024-11-25T04:59:02","guid":{"rendered":"https:\/\/ideccgdl.com\/site\/our-mission\/"},"modified":"2024-11-25T16:59:44","modified_gmt":"2024-11-25T16:59:44","slug":"nosotros","status":"publish","type":"page","link":"https:\/\/ideccgdl.com\/site\/nosotros\/","title":{"rendered":"NOSOTROS"},"content":{"rendered":"\t\t<div data-elementor-type=\"wp-page\" data-elementor-id=\"549\" class=\"elementor elementor-549\" data-elementor-post-type=\"page\">\n\t\t\t\t<div class=\"elementor-element elementor-element-4e86a17d e-con-full e-flex e-con e-parent\" data-id=\"4e86a17d\" data-element_type=\"container\">\n\t\t<div class=\"elementor-element elementor-element-3e43ce04 e-con-full e-flex e-con e-child\" data-id=\"3e43ce04\" data-element_type=\"container\">\n\t\t\t\t<div class=\"elementor-element elementor-element-1a1632ab elementor-widget elementor-widget-heading\" data-id=\"1a1632ab\" data-element_type=\"widget\" data-widget_type=\"heading.default\">\n\t\t\t\t<div class=\"elementor-widget-container\">\n\t\t\t<h1 class=\"elementor-heading-title elementor-size-default\">NOSOTROS<\/h1>\t\t<\/div>\n\t\t\t\t<\/div>\n\t\t<div class=\"elementor-element elementor-element-132d5f26 e-con-full e-flex e-con e-child\" data-id=\"132d5f26\" data-element_type=\"container\">\n\t\t\t\t<div class=\"elementor-element elementor-element-5cc4324 elementor-widget elementor-widget-heading\" data-id=\"5cc4324\" data-element_type=\"widget\" data-widget_type=\"heading.default\">\n\t\t\t\t<div class=\"elementor-widget-container\">\n\t\t\t<h3 class=\"elementor-heading-title elementor-size-default\">APRENDE APARATOLOG\u00cdA AVANZADA CON CLASES PR\u00c1CTICAS Y TE\u00d3RICAS<\/h3>\t\t<\/div>\n\t\t\t\t<\/div>\n\t\t\t\t<div class=\"elementor-element elementor-element-f76a25d elementor-widget elementor-widget-text-editor\" data-id=\"f76a25d\" data-element_type=\"widget\" data-widget_type=\"text-editor.default\">\n\t\t\t\t<div class=\"elementor-widget-container\">\n\t\t\t\t\t\t\t<p>Bienvenidos a nuestro INSTITUTO DE COSMETOLOG\u00cdA Y COSMIATRIA, donde la pasi\u00f3n por la belleza y el compromiso con la excelencia se unen para formar a los profesionales del futuro. Nos especializamos en la ense\u00f1anza de aparatolog\u00eda avanzada, combinando teor\u00eda y pr\u00e1ctica para garantizar una formaci\u00f3n integral y de alta calidad.<\/p><p>Nuestras clases te\u00f3ricas te proporcionar\u00e1n el conocimiento profundo necesario sobre t\u00e9cnicas, protocolos y principios cient\u00edficos que respaldan el uso de aparatolog\u00eda en tratamientos est\u00e9ticos. Paralelamente, nuestras sesiones pr\u00e1cticas te permitir\u00e1n aplicar lo aprendido en un entorno controlado y profesional, desarrollando tus habilidades con equipos de \u00faltima generaci\u00f3n.<\/p><p>En conjunto con la l\u00ednea exclusiva de cosm\u00e9ticos Marant con m\u00e1s de 40 a\u00f1os de cuidando de las pieles\u00a0 latinas.\u00a0<\/p>\t\t\t\t\t\t<\/div>\n\t\t\t\t<\/div>\n\t\t\t\t<\/div>\n\t\t\t\t<\/div>\n\t\t<div class=\"elementor-element elementor-element-6e8236c2 e-con-full e-flex e-con e-child\" data-id=\"6e8236c2\" data-element_type=\"container\">\n\t\t\t\t<div class=\"elementor-element elementor-element-ea27ba3 elementor-widget__width-initial elementor-widget-tablet__width-initial elementor-widget-mobile__width-initial elementor-invisible elementor-widget elementor-widget-image\" data-id=\"ea27ba3\" data-element_type=\"widget\" data-settings=\"{&quot;_animation&quot;:&quot;fadeInLeft&quot;,&quot;_animation_mobile&quot;:&quot;none&quot;}\" data-widget_type=\"image.default\">\n\t\t\t\t<div class=\"elementor-widget-container\">\n\t\t\t\t\t\t\t\t\t\t\t\t\t<img fetchpriority=\"high\" decoding=\"async\" width=\"743\" height=\"782\" src=\"https:\/\/ideccgdl.com\/site\/wp-content\/uploads\/2024\/11\/nosotros.jpg\" class=\"attachment-full size-full wp-image-818\" alt=\"\" srcset=\"https:\/\/ideccgdl.com\/site\/wp-content\/uploads\/2024\/11\/nosotros.jpg 743w, https:\/\/ideccgdl.com\/site\/wp-content\/uploads\/2024\/11\/nosotros-285x300.jpg 285w\" sizes=\"(max-width: 743px) 100vw, 743px\" \/>\t\t\t\t\t\t\t\t\t\t\t\t\t<\/div>\n\t\t\t\t<\/div>\n\t\t\t\t<\/div>\n\t\t\t\t<\/div>\n\t\t<div class=\"elementor-element elementor-element-4b748e0c e-con-full e-flex e-con e-parent\" data-id=\"4b748e0c\" data-element_type=\"container\">\n\t\t<div class=\"elementor-element elementor-element-36a1f00 e-con-full e-flex e-con e-child\" data-id=\"36a1f00\" data-element_type=\"container\" data-settings=\"{&quot;background_background&quot;:&quot;classic&quot;}\">\n\t\t\t\t<div class=\"elementor-element elementor-element-3c386a96 elementor-invisible elementor-widget elementor-widget-image\" data-id=\"3c386a96\" data-element_type=\"widget\" data-settings=\"{&quot;_animation&quot;:&quot;fadeInUp&quot;}\" data-widget_type=\"image.default\">\n\t\t\t\t<div class=\"elementor-widget-container\">\n\t\t\t\t\t\t\t\t\t\t\t\t\t<img decoding=\"async\" width=\"416\" height=\"444\" src=\"https:\/\/ideccgdl.com\/site\/wp-content\/uploads\/2024\/11\/OurMissionPage-OurStory-img_2.jpg\" class=\"attachment-full size-full wp-image-551\" alt=\"\" srcset=\"https:\/\/ideccgdl.com\/site\/wp-content\/uploads\/2024\/11\/OurMissionPage-OurStory-img_2.jpg 416w, https:\/\/ideccgdl.com\/site\/wp-content\/uploads\/2024\/11\/OurMissionPage-OurStory-img_2-281x300.jpg 281w\" sizes=\"(max-width: 416px) 100vw, 416px\" \/>\t\t\t\t\t\t\t\t\t\t\t\t\t<\/div>\n\t\t\t\t<\/div>\n\t\t\t\t<\/div>\n\t\t<div class=\"elementor-element elementor-element-7a0c6861 e-con-full e-flex e-con e-child\" data-id=\"7a0c6861\" data-element_type=\"container\">\n\t\t\t\t<div class=\"elementor-element elementor-element-3a7a7505 elementor-widget elementor-widget-heading\" data-id=\"3a7a7505\" data-element_type=\"widget\" data-widget_type=\"heading.default\">\n\t\t\t\t<div class=\"elementor-widget-container\">\n\t\t\t<h2 class=\"elementor-heading-title elementor-size-default\">Our \nSTORy<\/h2>\t\t<\/div>\n\t\t\t\t<\/div>\n\t\t\t\t<div class=\"elementor-element elementor-element-1dbd52fc elementor-widget__width-initial animated-slow elementor-invisible elementor-widget elementor-widget-text-editor\" data-id=\"1dbd52fc\" data-element_type=\"widget\" data-settings=\"{&quot;_animation&quot;:&quot;fadeIn&quot;}\" data-widget_type=\"text-editor.default\">\n\t\t\t\t<div class=\"elementor-widget-container\">\n\t\t\t\t\t\t\tLorem ipsum dolor sit amet, consectetur adipiscing elit, sed do eiusmod tempor incididunt ut labore et dolore magna aliqua. Lorem ipsum dolor sit amet, consectetur adipiscing elit, sed do eiusmod tempor incididunt ut labore et dolore magna aliqua. Lorem ipsum dolor sit amet, consectetur adipiscing elit.\t\t\t\t\t\t<\/div>\n\t\t\t\t<\/div>\n\t\t\t\t<\/div>\n\t\t\t\t<\/div>\n\t\t<div class=\"elementor-element elementor-element-b8f5dd6 e-con-full e-flex e-con e-parent\" data-id=\"b8f5dd6\" data-element_type=\"container\">\n\t\t<div class=\"elementor-element elementor-element-71683275 e-con-full e-flex e-con e-child\" data-id=\"71683275\" data-element_type=\"container\">\n\t\t\t\t<div class=\"elementor-element elementor-element-7b9c3e19 elementor-widget elementor-widget-heading\" data-id=\"7b9c3e19\" data-element_type=\"widget\" data-widget_type=\"heading.default\">\n\t\t\t\t<div class=\"elementor-widget-container\">\n\t\t\t<h2 class=\"elementor-heading-title elementor-size-default\">Follow the Story<\/h2>\t\t<\/div>\n\t\t\t\t<\/div>\n\t\t\t\t<div class=\"elementor-element elementor-element-1b056064 gallery-spacing-custom elementor-widget-mobile__width-initial elementor-invisible elementor-widget elementor-widget-image-gallery\" data-id=\"1b056064\" data-element_type=\"widget\" data-settings=\"{&quot;_animation&quot;:&quot;fadeInLeft&quot;,&quot;_animation_mobile&quot;:&quot;none&quot;}\" data-widget_type=\"image-gallery.default\">\n\t\t\t\t<div class=\"elementor-widget-container\">\n\t\t\t\t\t<div class=\"elementor-image-gallery\">\n\t\t\t<div id='gallery-1' class='gallery galleryid-549 gallery-columns-4 gallery-size-full'><figure class='gallery-item'>\n\t\t\t<div class='gallery-icon landscape'>\n\t\t\t\t<img decoding=\"async\" width=\"171\" height=\"171\" src=\"https:\/\/ideccgdl.com\/site\/wp-content\/uploads\/2024\/11\/HomePage-Footer-Gallery-img_1.jpg\" class=\"attachment-full size-full\" alt=\"\" srcset=\"https:\/\/ideccgdl.com\/site\/wp-content\/uploads\/2024\/11\/HomePage-Footer-Gallery-img_1.jpg 171w, https:\/\/ideccgdl.com\/site\/wp-content\/uploads\/2024\/11\/HomePage-Footer-Gallery-img_1-150x150.jpg 150w\" sizes=\"(max-width: 171px) 100vw, 171px\" \/>\n\t\t\t<\/div><\/figure><figure class='gallery-item'>\n\t\t\t<div class='gallery-icon landscape'>\n\t\t\t\t<img loading=\"lazy\" decoding=\"async\" width=\"171\" height=\"171\" src=\"https:\/\/ideccgdl.com\/site\/wp-content\/uploads\/2024\/11\/HomePage-Footer-Gallery-img_2.jpg\" class=\"attachment-full size-full\" alt=\"\" srcset=\"https:\/\/ideccgdl.com\/site\/wp-content\/uploads\/2024\/11\/HomePage-Footer-Gallery-img_2.jpg 171w, https:\/\/ideccgdl.com\/site\/wp-content\/uploads\/2024\/11\/HomePage-Footer-Gallery-img_2-150x150.jpg 150w\" sizes=\"(max-width: 171px) 100vw, 171px\" \/>\n\t\t\t<\/div><\/figure><figure class='gallery-item'>\n\t\t\t<div class='gallery-icon landscape'>\n\t\t\t\t<img loading=\"lazy\" decoding=\"async\" width=\"171\" height=\"171\" src=\"https:\/\/ideccgdl.com\/site\/wp-content\/uploads\/2024\/11\/HomePage-Footer-Gallery-img_3.jpg\" class=\"attachment-full size-full\" alt=\"\" srcset=\"https:\/\/ideccgdl.com\/site\/wp-content\/uploads\/2024\/11\/HomePage-Footer-Gallery-img_3.jpg 171w, https:\/\/ideccgdl.com\/site\/wp-content\/uploads\/2024\/11\/HomePage-Footer-Gallery-img_3-150x150.jpg 150w\" sizes=\"(max-width: 171px) 100vw, 171px\" \/>\n\t\t\t<\/div><\/figure><figure class='gallery-item'>\n\t\t\t<div class='gallery-icon landscape'>\n\t\t\t\t<img loading=\"lazy\" decoding=\"async\" width=\"171\" height=\"171\" src=\"https:\/\/ideccgdl.com\/site\/wp-content\/uploads\/2024\/11\/HomePage-Footer-Gallery-img_4.jpg\" class=\"attachment-full size-full\" alt=\"\" srcset=\"https:\/\/ideccgdl.com\/site\/wp-content\/uploads\/2024\/11\/HomePage-Footer-Gallery-img_4.jpg 171w, https:\/\/ideccgdl.com\/site\/wp-content\/uploads\/2024\/11\/HomePage-Footer-Gallery-img_4-150x150.jpg 150w\" sizes=\"(max-width: 171px) 100vw, 171px\" \/>\n\t\t\t<\/div><\/figure>\n\t\t<\/div>\n\t\t<\/div>\n\t\t\t\t<\/div>\n\t\t\t\t<\/div>\n\t\t\t\t<div class=\"elementor-element elementor-element-528f2a76 elementor-icon-list--layout-inline elementor-list-item-link-full_width elementor-widget elementor-widget-icon-list\" data-id=\"528f2a76\" data-element_type=\"widget\" data-widget_type=\"icon-list.default\">\n\t\t\t\t<div class=\"elementor-widget-container\">\n\t\t\t\t\t<ul class=\"elementor-icon-list-items elementor-inline-items\">\n\t\t\t\t\t\t\t<li class=\"elementor-icon-list-item elementor-inline-item\">\n\t\t\t\t\t\t\t\t\t\t\t<a href=\"#\">\n\n\t\t\t\t\t\t\t\t\t\t\t<span class=\"elementor-icon-list-text\">Instagram  <\/span>\n\t\t\t\t\t\t\t\t\t\t\t<\/a>\n\t\t\t\t\t\t\t\t\t<\/li>\n\t\t\t\t\t\t\t\t<li class=\"elementor-icon-list-item elementor-inline-item\">\n\t\t\t\t\t\t\t\t\t\t\t<a href=\"#\">\n\n\t\t\t\t\t\t\t\t\t\t\t<span class=\"elementor-icon-list-text\">twitter<\/span>\n\t\t\t\t\t\t\t\t\t\t\t<\/a>\n\t\t\t\t\t\t\t\t\t<\/li>\n\t\t\t\t\t\t\t\t<li class=\"elementor-icon-list-item elementor-inline-item\">\n\t\t\t\t\t\t\t\t\t\t\t<a href=\"#\">\n\n\t\t\t\t\t\t\t\t\t\t\t<span class=\"elementor-icon-list-text\">facebook<\/span>\n\t\t\t\t\t\t\t\t\t\t\t<\/a>\n\t\t\t\t\t\t\t\t\t<\/li>\n\t\t\t\t\t\t<\/ul>\n\t\t\t\t<\/div>\n\t\t\t\t<\/div>\n\t\t\t\t<div class=\"elementor-element elementor-element-178c8b71 elementor-widget elementor-widget-heading\" data-id=\"178c8b71\" data-element_type=\"widget\" data-widget_type=\"heading.default\">\n\t\t\t\t<div class=\"elementor-widget-container\">\n\t\t\t<h1 class=\"elementor-heading-title elementor-size-default\">Oubl\u00e9<\/h1>\t\t<\/div>\n\t\t\t\t<\/div>\n\t\t\t\t<\/div>\n\t\t<div class=\"elementor-element elementor-element-31b8caae e-con-full e-flex e-con e-child\" data-id=\"31b8caae\" data-element_type=\"container\" data-settings=\"{&quot;background_background&quot;:&quot;classic&quot;}\">\n\t\t\t\t<div class=\"elementor-element elementor-element-50fab7f3 elementor-widget elementor-widget-spacer\" data-id=\"50fab7f3\" data-element_type=\"widget\" data-widget_type=\"spacer.default\">\n\t\t\t\t<div class=\"elementor-widget-container\">\n\t\t\t\t\t<div class=\"elementor-spacer\">\n\t\t\t<div class=\"elementor-spacer-inner\"><\/div>\n\t\t<\/div>\n\t\t\t\t<\/div>\n\t\t\t\t<\/div>\n\t\t\t\t<\/div>\n\t\t\t\t<\/div>\n\t\t\t\t<\/div>\n\t\t","protected":false},"excerpt":{"rendered":"<p>NOSOTROS APRENDE APARATOLOG\u00cdA AVANZADA CON CLASES PR\u00c1CTICAS Y TE\u00d3RICAS Bienvenidos a nuestro INSTITUTO DE COSMETOLOG\u00cdA Y COSMIATRIA, donde la pasi\u00f3n por la belleza y el compromiso con la excelencia se unen para formar a los profesionales del futuro. Nos especializamos en la ense\u00f1anza de aparatolog\u00eda avanzada, combinando teor\u00eda y pr\u00e1ctica para garantizar una formaci\u00f3n integral [&hellip;]<\/p>\n","protected":false},"author":1,"featured_media":0,"parent":0,"menu_order":0,"comment_status":"closed","ping_status":"closed","template":"elementor_header_footer","meta":{"footnotes":""},"class_list":["post-549","page","type-page","status-publish","hentry"],"_links":{"self":[{"href":"https:\/\/ideccgdl.com\/site\/wp-json\/wp\/v2\/pages\/549","targetHints":{"allow":["GET"]}}],"collection":[{"href":"https:\/\/ideccgdl.com\/site\/wp-json\/wp\/v2\/pages"}],"about":[{"href":"https:\/\/ideccgdl.com\/site\/wp-json\/wp\/v2\/types\/page"}],"author":[{"embeddable":true,"href":"https:\/\/ideccgdl.com\/site\/wp-json\/wp\/v2\/users\/1"}],"replies":[{"embeddable":true,"href":"https:\/\/ideccgdl.com\/site\/wp-json\/wp\/v2\/comments?post=549"}],"version-history":[{"count":15,"href":"https:\/\/ideccgdl.com\/site\/wp-json\/wp\/v2\/pages\/549\/revisions"}],"predecessor-version":[{"id":821,"href":"https:\/\/ideccgdl.com\/site\/wp-json\/wp\/v2\/pages\/549\/revisions\/821"}],"wp:attachment":[{"href":"https:\/\/ideccgdl.com\/site\/wp-json\/wp\/v2\/media?parent=549"}],"curies":[{"name":"wp","href":"https:\/\/api.w.org\/{rel}","templated":true}]}}